{"id":14,"date":"2025-11-01T19:18:00","date_gmt":"2025-11-01T19:18:00","guid":{"rendered":"https:\/\/fjordgefluster.no\/?page_id=14"},"modified":"2026-01-29T20:48:48","modified_gmt":"2026-01-29T19:48:48","slug":"apps","status":"publish","type":"page","link":"https:\/\/fjordgefluster.no\/index.php\/apps\/","title":{"rendered":"Apps"},"content":{"rendered":"\n<p class=\"has-text-align-center\">Klassisch reisen mit Karte oder Kompass, oder doch mit Hilfe von App auf dem Telefon oder dem Tablet? Wer auf der Suche nach entsprechenden Apps f\u00fcr seine Reise ist, dem empfehle ich hier die, die ich auch immer nutze und die ich f\u00fcr einfache Reisen im Land f\u00fcr sinnvoll erachte. Die Liste werde ich gegebenenfalls erweitern.<\/p>\n\n\n\n<hr class=\"wp-block-separator has-alpha-channel-opacity is-style-dots\"\/>\n\n\n\n<div class=\"wp-block-columns is-layout-flex wp-container-core-columns-is-layout-9d6595d7 wp-block-columns-is-layout-flex\">\n<div class=\"wp-block-column is-layout-flow wp-block-column-is-layout-flow\">\n<div class=\"wp-block-columns is-layout-flex wp-container-core-columns-is-layout-9d6595d7 wp-block-columns-is-layout-flex\">\n<div class=\"wp-block-column is-layout-flow wp-block-column-is-layout-flow\">\n<figure class=\"wp-block-image size-full\"><img loading=\"lazy\" decoding=\"async\" width=\"960\" height=\"865\" src=\"http:\/\/fjordgefluster.no\/wp-content\/uploads\/2026\/01\/Google_Maps_Logo_2020.svg_.png\" alt=\"\" class=\"wp-image-187\"\/><\/figure>\n<\/div>\n\n\n\n<div class=\"wp-block-column is-layout-flow wp-block-column-is-layout-flow\">\n<p class=\"wp-block-preformatted\">Der Klassiker der Routenplanung. Ich nutze f\u00fcr meine Fahrten zumeist Google Maps. Ich habe damit die besten Erfahrungen gemacht.<\/p>\n<p>Verkn\u00fcpft mit dem Mietwagen biete es aus meiner Sicht die besten M\u00f6glichkeiten sich zu orientieren.<\/p>\n<p>Maps findet sich in der Regel auf jedem Telefon oder App. Falls nicht, findet Ihr es im jeweiligen App-Store.<\/p>\n<\/div>\n<\/div>\n<\/div>\n<\/div>\n\n\n\n<hr class=\"wp-block-separator has-alpha-channel-opacity\"\/>\n\n\n\n<div class=\"wp-block-columns is-layout-flex wp-container-core-columns-is-layout-9d6595d7 wp-block-columns-is-layout-flex\">\n<div class=\"wp-block-column is-layout-flow wp-block-column-is-layout-flow\">\n<figure class=\"wp-block-image size-full is-style-rounded\"><img loading=\"lazy\" decoding=\"async\" width=\"1200\" height=\"900\" src=\"http:\/\/fjordgefluster.no\/wp-content\/uploads\/2026\/01\/welcome-graphics.png\" alt=\"\" class=\"wp-image-189\"\/><\/figure>\n<\/div>\n\n\n\n<div class=\"wp-block-column is-layout-flow wp-block-column-is-layout-flow\">\n<p>ut.no, als Netzseite oder App, ist die Ressource zur Planung der Wanderungen in Norwegen. Allerdings muss man aber Norwegisch beherrschen. Man kann hier zwischen Sommer- und Winterouten w\u00e4hlen und auf der interaktiven Karte gewissen neuralgische Punkte wie H\u00fctten (bedient oder unbedient) oder Aussichtspunkte usw. zu- bzw. wegschalten.<\/p>\n<\/div>\n<\/div>\n\n\n\n<hr class=\"wp-block-separator has-alpha-channel-opacity\"\/>\n\n\n\n<div class=\"wp-block-columns is-layout-flex wp-container-core-columns-is-layout-9d6595d7 wp-block-columns-is-layout-flex\">\n<div class=\"wp-block-column is-layout-flow wp-block-column-is-layout-flow\">\n<figure class=\"wp-block-image size-full\"><img loading=\"lazy\" decoding=\"async\" width=\"600\" height=\"300\" src=\"http:\/\/fjordgefluster.no\/wp-content\/uploads\/2026\/01\/unnamed.png\" alt=\"\" class=\"wp-image-201\"\/><\/figure>\n<\/div>\n\n\n\n<div class=\"wp-block-column is-layout-flow wp-block-column-is-layout-flow\">\n<p>NorgeskartFriluftsliv ist eine etwas andere Alternative zu UT. Die App bietet keine klar gekennzeichneten Routen oder H\u00fctte sowie BEschreibungen, daf\u00fcr aber eine deutlich bessere topografische Karte, welche wesentlich n\u00fctzlicher ist wenn man in unwegsames Gel\u00e4nde geht. Man muss sich etwas an die vielen unterschiedlichen M\u00f6glichkeiten der Karteneinstellungen gew\u00f6hnen, aber wenn man esdrin hat, ist die App im Gel\u00e4nde sehr n\u00fctzlich. Die App ist grunds\u00e4tzlich gratis, aber es gibt bezahlbare Erweiterungen und ist mit 18 Euro im Jahr f\u00fcr PRO recht g\u00fcnstig.<\/p>\n<\/div>\n<\/div>\n\n\n\n<hr class=\"wp-block-separator has-alpha-channel-opacity\"\/>\n\n\n\n<div class=\"wp-block-columns is-layout-flex wp-container-core-columns-is-layout-9d6595d7 wp-block-columns-is-layout-flex\">\n<div class=\"wp-block-column is-layout-flow wp-block-column-is-layout-flow\">\n<figure class=\"wp-block-image size-full\"><img loading=\"lazy\" decoding=\"async\" width=\"800\" height=\"800\" src=\"http:\/\/fjordgefluster.no\/wp-content\/uploads\/2026\/01\/YR_blaa_rgb.png\" alt=\"\" class=\"wp-image-220\"\/><\/figure>\n<\/div>\n\n\n\n<div class=\"wp-block-column is-layout-flow wp-block-column-is-layout-flow\">\n<p>yr.no &#8211; der Wetterdienst aus Norwegen f\u00fcr die Welt. Nutze ich f\u00fcr Reisen in Norwegen, aber auch daheim und Deutschland. Sonnenauf- und Untergang wird ebenso angezeigt, wie die aktuellen Webcams der jeweiligen Umgebung. Auch eine Wetterkarte gibt es. Alles aber ohne viel Schnickschnack und nordisch einfach gehalten.<\/p>\n<\/div>\n<\/div>\n\n\n\n<hr class=\"wp-block-separator has-alpha-channel-opacity\"\/>\n\n\n\n<div class=\"wp-block-columns is-layout-flex wp-container-core-columns-is-layout-9d6595d7 wp-block-columns-is-layout-flex\">\n<div class=\"wp-block-column is-layout-flow wp-block-column-is-layout-flow\">\n<figure class=\"wp-block-image size-full\"><img loading=\"lazy\" decoding=\"async\" width=\"240\" height=\"240\" src=\"http:\/\/fjordgefluster.no\/wp-content\/uploads\/2026\/01\/enturlogo.png\" alt=\"\" class=\"wp-image-223\"\/><\/figure>\n<\/div>\n\n\n\n<div class=\"wp-block-column is-layout-flow wp-block-column-is-layout-flow\">\n<p>entur.no &#8211; die staatliche Reiseplattform auf welcher die Informationen von \u00fcber 60 Reiseunternehmen geb\u00fcndelt werden und die alle n\u00f6tigen Infos und Ticketverkauf f\u00fcr Bus, Bahn, F\u00e4hre und Inlandsfl\u00fcge beinhaltet.\u00a0<\/p>\n<\/div>\n<\/div>\n\n\n\n<hr class=\"wp-block-separator has-alpha-channel-opacity\"\/>\n\n\n\n<div class=\"wp-block-columns is-layout-flex wp-container-core-columns-is-layout-9d6595d7 wp-block-columns-is-layout-flex\">\n<div class=\"wp-block-column is-layout-flow wp-block-column-is-layout-flow\">\n<figure class=\"wp-block-image size-full\"><img loading=\"lazy\" decoding=\"async\" width=\"240\" height=\"240\" src=\"http:\/\/fjordgefluster.no\/wp-content\/uploads\/2026\/01\/vegvesenlogo.png\" alt=\"\" class=\"wp-image-225\"\/><\/figure>\n<\/div>\n\n\n\n<div class=\"wp-block-column is-layout-flow wp-block-column-is-layout-flow\">\n<p>Vegvesen trafikk &#8211; die offizielle App des norwegische Strassenverkehrsamtes mit Kartenmaterial und Echtzeitmeldungen von Stra\u00dfensperrungen u.\u00e4.<\/p>\n<p>Neben Verkehrskameras beinhaltet die App auch einen Routenplaner und vieles mehr. Ein Mu\u00df f\u00fcr Euren Roadtrip.<\/p>\n<p>Einstellbar im \u00dcbrigens auch ins englische.<\/p>\n<\/div>\n<\/div>\n\n\n\n<hr class=\"wp-block-separator has-alpha-channel-opacity\"\/>\n\n\n\n<div class=\"wp-block-columns is-layout-flex wp-container-core-columns-is-layout-9d6595d7 wp-block-columns-is-layout-flex\">\n<div class=\"wp-block-column is-layout-flow wp-block-column-is-layout-flow\">\n<figure class=\"wp-block-image size-full\"><img loading=\"lazy\" decoding=\"async\" width=\"200\" height=\"200\" src=\"http:\/\/fjordgefluster.no\/wp-content\/uploads\/2026\/01\/toll.png\" alt=\"\" class=\"wp-image-227\"\/><\/figure>\n<\/div>\n\n\n\n<div class=\"wp-block-column is-layout-flow wp-block-column-is-layout-flow\">\n<p>Die App des norwegischen Zollamtes f\u00fcr all jene, die gern Alkohol und Zigaretten mit auf ihre Tour nehmen. Um die erlaubten Freimengen nicht zu \u00fcberschreiten, kann man sich hier die indivduelle Freimenge errechnen lassen.<\/p>\n<p>Die App kann man auf Deutsch umstellen.<\/p>\n<\/div>\n<\/div>\n","protected":false},"excerpt":{"rendered":"<p>Klassisch reisen mit Karte oder Kompass, oder doch mit Hilfe von App auf dem Telefon oder dem Tablet? Wer auf der Suche nach entsprechenden Apps f\u00fcr seine Reise ist, dem empfehle ich hier die, die ich auch immer nutze und die ich f\u00fcr einfache Reisen im Land f\u00fcr sinnvoll erachte. Die Liste werde ich&#8230;<\/p>\n<p class=\"read-more\"><a class=\"btn btn-default\" href=\"https:\/\/fjordgefluster.no\/index.php\/apps\/\"> Read More<span class=\"screen-reader-text\">  Read More<\/span><\/a><\/p>\n","protected":false},"author":1,"featured_media":0,"parent":0,"menu_order":0,"comment_status":"closed","ping_status":"closed","template":"","meta":{"footnotes":""},"class_list":["post-14","page","type-page","status-publish","hentry"],"_links":{"self":[{"href":"https:\/\/fjordgefluster.no\/index.php\/wp-json\/wp\/v2\/pages\/14","targetHints":{"allow":["GET"]}}],"collection":[{"href":"https:\/\/fjordgefluster.no\/index.php\/wp-json\/wp\/v2\/pages"}],"about":[{"href":"https:\/\/fjordgefluster.no\/index.php\/wp-json\/wp\/v2\/types\/page"}],"author":[{"embeddable":true,"href":"https:\/\/fjordgefluster.no\/index.php\/wp-json\/wp\/v2\/users\/1"}],"replies":[{"embeddable":true,"href":"https:\/\/fjordgefluster.no\/index.php\/wp-json\/wp\/v2\/comments?post=14"}],"version-history":[{"count":21,"href":"https:\/\/fjordgefluster.no\/index.php\/wp-json\/wp\/v2\/pages\/14\/revisions"}],"predecessor-version":[{"id":229,"href":"https:\/\/fjordgefluster.no\/index.php\/wp-json\/wp\/v2\/pages\/14\/revisions\/229"}],"wp:attachment":[{"href":"https:\/\/fjordgefluster.no\/index.php\/wp-json\/wp\/v2\/media?parent=14"}],"curies":[{"name":"wp","href":"https:\/\/api.w.org\/{rel}","templated":true}]}}